e 16/8 + (-8)/2. Let m be y*3/12*0. Let h be m*(-1 + (-9)/(-6)). Let c(g) = -g**3 + g**2 + g + 2. Determine c(h).
2
Suppose -2*g - 8*n = -3*n + 29, -5*n = -2*g - 59. Let v be 39/(-91) + g/14. Let x(l) = -l**2 - 2*l - 2. Give x(v).
-2
Let g be 3/12*0 - 4. Let l be g - 12/(-3) - 6. Let v(h) = -h + 3. What is v(l)?
9
Let t(l) = 9*l**2 + l - 1. Suppose -5*u + 14 = -11. Suppose u*v - 24 = 16. Let a = v + -7. Give t(a).
9
Let w(x) = 2*x - 7. Let c(q) = -q - 1. Suppose 0 = -6*y - 9 + 27. Let z(n) = y*c(n) + w(n). Give z(-5).
-5
Suppose -56 = -475*y + 468*y. Let c(n) = n**2 - 11*n - 3. Determine c(y).
-27
Let k(i) = -i**3 - 7*i**2 + 2*i + 16. Let s be k(-7). Let r(j) = 5*j**2 + 25 + j**2 - 24 - 2*j**2 - s*j. Give r(1).
3
Let y(u) = -u**2 + 2*u - 22. Suppose 4*z + 45 = 4*w + 53, -4 = 3*z + 2*w. What is y(z)?
-22
Let d be (-4)/(-10) + (-16)/(-10). Let n(z) = 10*z - 2 - 11*z - 1 + 0 + 9*z. Give n(d).
13
Let l(s) = -s**2 - 2*s + 3. Suppose 20 - 5 = -z. Let c(y) = y**2 + 17*y + 27. Let u be c(z). What is l(u)?
0
Let y(m) = 16*m**3 - 18*m**3 - 3*m + 2 - 5 - 3*m**2. Let d(x) be the third derivative of -x**4/12 - 7*x**3/3 + 9*x**2. Let j be d(-6). What is y(j)?
7
Suppose -12*f - 51 = -3. Let u(p) = -4*p**2 + 5*p + 6. Give u(f).
-78
Let p(t) = -t + 5. Let u(r) = r**2 + 69*r + 383. Let m be u(-6). Determine p(m).
0
Let t = -15 + 18. Let j(a) = a**3 + 7*a**2 + 8. Let k(c) = c**3 + 7*c**2 + 7. Let u(x) = t*k(x) - 2*j(x). Let v = -17 + 10. What is u(v)?
5
Let w(s) be the first derivative of -3*s**2/2 + 62. Suppose -r - 3*r = -2*m + 4, 0 = -5*r - 3*m + 17. Calculate w(r).
-3
Let o(t) be the third derivative of -t**7/1680 - 3*t**5/10 - 17*t**2. Let k(s) be the third derivative of o(s). What is k(-5)?
15
Let h(r) = r**3 - 3*r**2 - 3*r. Let i be h(4). Suppose -3*t - i = -5*t. Let f(b) = -2*b**2 + 2*b - 1. Determine f(t).
-5
Let u(r) = -r**2 - r - 11. Let g(f) = 2*f + 3. Suppose 0 = -0*q - q - 3. Let n be g(q). Let w be -3 + (-1 - 12/n). Calculate u(w).
-11
Let m = -530 + 537. Let g(f) = f**3 - 6*f**2 - 7*f + 5. Calculate g(m).
5
Let g(n) = -6*n**3 - 2*n**2 - 2*n - 1. Let r(k) = -k**3 - 12*k**2 - 7*k + 36. Let f be r(-11). Let w = 7 + f. Calculate g(w).
5
Let v(g) = -3*g**2 - 2*g + 1. Let h(o) = o + 1. Let z(p) = p**2 + 7*p + 6. Let s(b) = -6*h(b) + z(b). Let d be s(-2). Give v(d).
-15
Let b = -15 + 26. Let l(w) = w - 4. Let v(p) = 5*p - 20. Let c(y) = b*l(y) - 2*v(y). What is c(-6)?
-10
Suppose -15 = 6*d - d. Let z be -1 + 22/2 + d. Let u = z + -13. Let q(f) = f + 3. Give q(u).
-3
Let w(h) = h**2 + 13*h - 4. Let a be w(-14). Suppose -3*n - 15 = -o, o + 0*o - 2*n = a. Suppose o*z - z = 3. Let u(c) = -c**3 - 2*c**2 + 2*c - 3. What is u(z)?
0
Let z(q) = q**2 + 4*q + 3. Let h be (-1 - 2)/((-81)/(-54)). What is z(h)?
-1
Let u(a) = 5*a - 3*a**2 + 4*a**2 - 10 + 19. Determine u(-6).
15
Suppose 2*v - 4*v - 4 = 0. Let g be -4 + 4/v*-2. Let n(t) = -t**2 - t - 4. Determine n(g).
-4
Let q(n) = n + 3*n**2 - 15*n**2 - 3*n + 6*n**2 - n**3 + 511 - 513. Calculate q(-6).
10
Suppose 5*l - 168 = l. Let c(w) = -4 + 2 + 40*w**2 - l*w**2 + 3. Determine c(-1).
-1
Let s = -28 + 42. Suppose 4 = -2*x + s. Let f(z) = x - 4 - 11*z + 22*z. Give f(-1).
-10
Let d(r) = 0*r + 0 - r + 4. Let g be 285/48 - 11/(-176). Calculate d(g).
-2
Suppose 6*a + 42 = -12. Let k(h) = -h**3 - 10*h**2 - 8*h + 9. Let x be k(a). Let c(i) = -i**3 + i + 18. Calculate c(x).
18
Let f(h) = -h - 1. Suppose 0*o + 22 = o. Let i = 15 - o. Let p be (-3)/i + (-224)/(-49). Calculate f(p).
-6
Let d(p) = -2*p - 7. Let w(i) = -i**3 - 9*i**2 - 8*i + 1. Let u be w(-8). Suppose -3*q = u - 4. Suppose -4*a - 23 = q. Calculate d(a).
5
Let z(y) = 3*y - 8. Suppose 3*h + 22 = 43. Determine z(h).
13
Suppose 25 = -b + 4*s - 9*s, 0 = -4*s - 16. Let z(l) = -4*l**2 + l + 3. Let t(h) = -3*h**2 + 2*h + 3. Let a(f) = b*t(f) + 4*z(f). Give a(-5).
2
Let z(o) = -2*o - 3. Suppose -i - 4 = -p + 5, -5*p + 3*i = -37. Suppose -2*a - 3 = -x + 1, a + p*x + 13 = 0. Calculate z(a).
3
Suppose 31*x - 20 = 35*x. Let z(v) = 8*v**2 - 2*v + 4. Let i(m) = m**2 + 1. Let p(u) = x*i(u) + z(u). Determine p(2).
7
Let j(q) = q**2 - 12*q - 114. Let y be j(-6). Let s(p) = 2*p**2 - 10*p + 7. Let k(x) = 3*x**2 - 19*x + 14. Let w(d) = 3*k(d) - 5*s(d). What is w(y)?
13
Let k(z) = 2*z**2 - 2*z - 2. Let f(r) = 2*r**2 - 4. Let q(p) = -3*f(p) + 2*k(p). Determine q(2).
-8
Let b(v) = -21*v**2 + 2*v - 1. Suppose -n + 5*z = -5, -z = n + n + 45. Let d be (-5 - -1) + (n/5 - -9). Give b(d).
-20
Let k(j) = -j**2 + 5*j - 6. Let u be ((-2)/(-6))/(-1)*-9. Let y = 9 + -9. Suppose y = -4*h + u*h + 5. Determine k(h).
-6
Let y = 39 - 38. Let u be 7 - (6/3 - y). Let x(f) = -f + 10. Determine x(u).
4
Let c = -204 - -201. Let v(p) = 2*p**2 + p - 2. Give v(c).
13
Let t = -23 + 28. Let n = -2 + t. Let x(s) = 5 - 3 - 103*s + 106*s - s**n + 4*s**2. What is x(5)?
-8
Let h(x) = x**3 - 6*x**2 - 2*x + 5. Let w be 1/(-2) - (-78)/(-4). Let m be (w/(-8))/((-1)/(-2)). Let p be 1 + (-2)/((-2)/m). What is h(p)?
-7
Let t(g) = 61*g + 848. Let l be t(-14). Let x(f) = -8*f - 38. Give x(l).
10
Let w(f) be the third derivative of -f**4/8 - f**3/3 - 33*f**2 - 3. Calculate w(-7).
19
Suppose 0 = f - 19 - 21. Suppose -13*g + 8*g = f. Let w(m) = m**2 + 8*m + 9. Give w(g).
9
Let f(u) = 27*u - 184 + 181 - 28*u. Let i be (-26)/10 + (-6)/15. Calculate f(i).
0
Suppose 3*n - 11 - 13 = 0. Let d(z) be the third derivative of z**4/12 + 5*z**3/6 - 63*z**2. What is d(n)?
21
Let a(q) = -q**3 + 4*q**2 - 16*q - 17. Let i(d) = d**2 + 3*d. Let o(n) = -a(n) - 4*i(n). What is o(7)?
-4
Let n(u) = -5*u + 29. Let q(p) = 3*p - 12. Let a(h) = 3*n(h) + 7*q(h). Give a(-8).
-45
Suppose h - 5*h - 5*v = -19, 0 = 5*h - 5*v - 35. Let y = h + 9. Let q(f) = 2 + 14*f**2 - f + 2*f - y*f**2. Give q(-3).
-10
Let m(z) be the second derivative of -z**8/6720 - z**7/420 + z**6/720 - z**5/20 + 11*z**4/12 + 14*z. Let f(h) be the third derivative of m(h). Give f(-6).
-12
Suppose -6*a + b = -8*a + 15, -2*a + 30 = 4*b. Let g(f) = f**2 - 8*f + 6. Determine g(a).
-9
Suppose 0 = 2*k + l - 2, 0 = k + 4*l - 2 + 1. Let b(z) = -k + z + 2*z + z**2 - z - 3*z. Let r be b(1). Let q(x) = 2*x**3 - x**2 - 2*x - 1. Calculate q(r).
-2
Let u be (2 - 1)*-28*8/(-14). Let q(a) = a**2 - 18*a + 38. Determine q(u).
6
Let o = -820 + 827. Let t(c) = 1 + 8 - 5*c + 3*c. Calculate t(o).
-5
Suppose 0*g + 10 = 2*g. Let m(b) = 5*b**2 - 11. Let l be ((-2)/(-6))/(7/84). Let o(q) = -9*q**2 + q + 21. Let y(k) = l*o(k) + 7*m(k). Calculate y(g).
2
Let k(h) = h. Let u(c) = 9*c + 1. Let l(t) = -2*k(t) - u(t). Let g be -2*1 + (-16)/((-192)/36). What is l(g)?
-12
Suppose -3*h + 0 + 15 = 0, h = 4*j - 7. Suppose -j*b = 8 - 2, 3*d + 14 = -4*b. Let g(v) = -4*v - 1. Determine g(d).
7
Let s(k) be the first derivative of -3*k**2 + k - 1. Let g be 0/((-2)/8*-4). Suppose 2*y - 2 + 4 = g. What is s(y)?
7
Let y(r) be the first derivative of r**3/3 - 3*r**2 + 10*r - 296. Determine y(7).
17
Let s be ((-6)/(-21))/((36/56)/9). Let h = -2 + 4. Let y(b) = -b - 6*b - 3*b**2 - h + b**3 - 3*b + 8*b. What is y(s)?
6
Let c(i) = -i**2 + 11*i + 11. Let q = -276 + 288. Give c(q).
-1
Let k(u) = 2*u + 1. Let a(t) = -t**3 + 9*t**2 - 10*t + 3. Let f be a(8). Let i = f + 16. Suppose 2*o = i*o - 5. What is k(o)?
11
Let w(y) be the first derivative of 1/2*y**2 + 18 + 2*y. Give w(2).
4
Let a(h) be the third derivative of h**4/24 - h**3/2 + 221*h**2. Determine a(10).
7
Let x(h) be the second derivative of -h**4/4 - 7*h**3/6 - 2*h**2 + 25*h. Let i(k) = k**2. Let n(y) = -2*i(y) - x(y). Give n(-5).
-6
Suppose 4*o = 5*x + 21 + 41, -4*x = -3*o + 47. Let a(u) = u - 6. Calculate a(o).
7
Let j(o) = 6*o**2 - 3*o + 3. Let r = 72 - 69. What is j(r)?
48
Let i be 2*(-66)/(-36)*-3. Let l(o) = -o**2 - 10*o - 13. Calculate l(i).
-24
Suppose -23*y + 430 = -7. Let l(s) = -s**2 + 18*s + 14. Determine l(y).
-5
Suppose -4*s = 28 - 44. Let h(t) = 3*t. Calculate h(s).
12
Suppose -8*o = -4*o. Let i(k) = -39*k + 39*k - k**2 + 4. Calculate i(o).
4
Suppose 0 = -6*y + y - 20. Let j be (-1 - y/10) + (-91)/(-35). Let v(q) = q**2 + q - 1. Let p(x) = -2*x**2 - x + 2. Let w(f) = -p(f) + v(f). What is w(j)?
13
Let x(m) = 5*m + 1557 - 891 - 664. Suppose r = -0 + 3. What is x(r)?
17
Let y(d) = -3*d**2 + 2*d + 2. Let j(a) = 2*a + 52. Let x be j(-16). Suppose -x + 16 = -2*q. What